{"id":4213,"date":"2021-06-01T16:57:17","date_gmt":"2021-06-01T19:57:17","guid":{"rendered":"https:\/\/isfd17-bue.infd.edu.ar\/sitio\/?page_id=4213"},"modified":"2025-12-27T21:16:30","modified_gmt":"2025-12-28T00:16:30","slug":"formularios-de-inscripcion-a-mesas-de-examen","status":"publish","type":"page","link":"https:\/\/isfd17-bue.infd.edu.ar\/sitio\/formularios-de-inscripcion-a-mesas-de-examen\/","title":{"rendered":"Formularios de Inscripci\u00f3n a Mesas de Examen"},"content":{"rendered":"\n<p class=\"has-text-align-center\"><a href=\"https:\/\/isfd17-bue.infd.edu.ar\/sitio\/mesas-de-examenes\/\" data-type=\"URL\" data-id=\"https:\/\/isfd17-bue.infd.edu.ar\/sitio\/mesas-de-examenes\/\" target=\"_blank\" rel=\"noreferrer noopener\"><strong>VER FECHAS DE DISPONIBILIDAD <\/strong>(CLICK AQU\u00cd)<\/a><\/p>\n\n\n<p><img decoding=\"async\" loading=\"lazy\" class=\"size-full wp-image-2956 aligncenter\" src=\"https:\/\/isfd17-bue.infd.edu.ar\/sitio\/wp-content\/uploads\/2019\/12\/ei.jpg\" alt=\"\" width=\"649\" height=\"72\" \/><\/p>\n<p style=\"text-align: center;\"><a href=\"https:\/\/forms.gle\/X32AdioQF28uCQACA\" target=\"_blank\" rel=\"noopener\">Inscribirme a UC INICIAL TURNO MA\u00d1ANA (Ingresar aqu\u00ed)<\/a><\/p>\n<p style=\"text-align: center;\"><a href=\"https:\/\/forms.gle\/F3FRX7EgZ2GreX778\" target=\"_blank\" rel=\"noopener\">Inscripci\u00f3n a UC INICIAL TURNO TARDE (Ingresar Aqu\u00ed)<\/a><\/p>\n<p style=\"text-align: center;\"><a href=\"https:\/\/forms.gle\/kFRBeL4wCEyCdAfv8\" target=\"_blank\" rel=\"noopener\">Inscripci\u00f3n a UC INICIAL TURNO NOCHE (Ingresar Aqu\u00ed)<\/a><\/p>\n<p><img decoding=\"async\" loading=\"lazy\" class=\"alignnone size-full wp-image-2960 aligncenter\" src=\"https:\/\/isfd17-bue.infd.edu.ar\/sitio\/wp-content\/uploads\/2019\/12\/EP.jpg\" alt=\"\" width=\"649\" height=\"72\" \/><\/p>\n<p style=\"text-align: center;\"><a href=\"https:\/\/forms.gle\/mad96Zc9yeY3uFbL8\" target=\"_blank\" rel=\"noopener\">Inscripci\u00f3n a UC PRIMARIA TURNO MA\u00d1ANA (Ingresar Aqu\u00ed)<\/a><\/p>\n<p style=\"text-align: center;\"><a href=\"https:\/\/forms.gle\/92m9hZakuqtekYcL7\" target=\"_blank\" rel=\"noopener\">Inscripci\u00f3n a UC PRIMARIA TURNO TARDE (Ingresar Aqu\u00ed)<\/a><\/p>\n<p style=\"text-align: center;\"><a href=\"https:\/\/forms.gle\/JcWcU4XXrdqNP8177\" target=\"_blank\" rel=\"noopener\">Inscripci\u00f3n a UC INICIAL TURNO NOCHE (Ingresar Aqu\u00ed)<\/a><\/p>\n<p style=\"text-align: center;\"><img decoding=\"async\" loading=\"lazy\" class=\"alignnone size-full wp-image-2961 aligncenter\" src=\"https:\/\/isfd17-bue.infd.edu.ar\/sitio\/wp-content\/uploads\/2019\/12\/EC.jpg\" alt=\"\" width=\"649\" height=\"71\" \/><\/p>\n<p style=\"text-align: center;\"><a href=\"https:\/\/docs.google.com\/forms\/d\/e\/1FAIpQLScUYIBwZK65CZr-_2BVkXyVJqwWXy-4VAY5K7YSTruOvTKVSg\/viewform?usp=publish-editor\" target=\"_blank\" rel=\"noopener\">Inscripci\u00f3n a UC ECONOM\u00cdA PLAN VIEJO (Ingresar Aqu\u00ed)<\/a><\/p>\n<p style=\"text-align: center;\"><a href=\"https:\/\/docs.google.com\/forms\/d\/e\/1FAIpQLScGJrfa0SnsASc4F8gtm4lLyxliAA-RRbTY5mI2ihkEk7oY9A\/viewform?usp=dialog\" target=\"_blank\" rel=\"noopener\">Inscripci\u00f3n a UC ECONOM\u00cdA PLAN NUEVO (Ingresar Aqu\u00ed)<\/a><\/p>\n<p><img decoding=\"async\" loading=\"lazy\" class=\"alignnone size-full wp-image-2962 aligncenter\" src=\"https:\/\/isfd17-bue.infd.edu.ar\/sitio\/wp-content\/uploads\/2019\/12\/MA.jpg\" alt=\"\" width=\"651\" height=\"74\" \/><\/p>\n<p style=\"text-align: center;\"><a href=\"https:\/\/forms.gle\/4DSxuxT34BdaAkP9A\" target=\"_blank\" rel=\"noopener\">Inscripci\u00f3n a UC MATEM\u00c1TICA\u00a0 (Ingresar Aqu\u00ed)<\/a><\/p>\n<p><img decoding=\"async\" loading=\"lazy\" class=\"alignnone size-full wp-image-2963 aligncenter\" src=\"https:\/\/isfd17-bue.infd.edu.ar\/sitio\/wp-content\/uploads\/2019\/12\/TTP.jpg\" alt=\"\" width=\"651\" height=\"73\" \/><\/p>\n<p style=\"text-align: center;\"><a href=\"https:\/\/forms.gle\/gSc3TbhcNyswHJFn8\" target=\"_blank\" rel=\"noopener\">Inscripci\u00f3n a UC ELECTROMEC\u00c1NICA PLAN NUEVO (Ingresar Aqu\u00ed)<\/a><\/p>\n<p style=\"text-align: center;\"><a href=\"https:\/\/forms.gle\/rdPWtBqok9tYdhzm7\" target=\"_blank\" rel=\"noopener\">Inscripci\u00f3n a UC ELECTROMEC\u00c1NICA PLAN VIEJO (Ingresar Aqu\u00ed)<\/a><\/p>","protected":false},"excerpt":{"rendered":"<p>VER FECHAS DE DISPONIBILIDAD (CLICK AQU\u00cd) Inscribirme a UC INICIAL TURNO MA\u00d1ANA (Ingresar aqu\u00ed) Inscripci\u00f3n a UC INICIAL TURNO TARDE (Ingresar Aqu\u00ed) Inscripci\u00f3n a UC INICIAL TURNO NOCHE (Ingresar Aqu\u00ed) Inscripci\u00f3n a UC PRIMARIA TURNO MA\u00d1ANA (Ingresar Aqu\u00ed) Inscripci\u00f3n a UC PRIMARIA TURNO TARDE (Ingresar Aqu\u00ed) Inscripci\u00f3n a UC INICIAL TURNO NOCHE (Ingresar Aqu\u00ed) Inscripci\u00f3n &#8230; <a title=\"Formularios de Inscripci\u00f3n a Mesas de Examen\" class=\"read-more\" href=\"https:\/\/isfd17-bue.infd.edu.ar\/sitio\/formularios-de-inscripcion-a-mesas-de-examen\/\" aria-label=\"More on Formularios de Inscripci\u00f3n a Mesas de Examen\">[+]<\/a><\/p>\n","protected":false},"author":613,"featured_media":0,"parent":0,"menu_order":0,"comment_status":"closed","ping_status":"closed","template":"","meta":[],"acf":[],"_links":{"self":[{"href":"https:\/\/isfd17-bue.infd.edu.ar\/sitio\/wp-json\/wp\/v2\/pages\/4213"}],"collection":[{"href":"https:\/\/isfd17-bue.infd.edu.ar\/sitio\/wp-json\/wp\/v2\/pages"}],"about":[{"href":"https:\/\/isfd17-bue.infd.edu.ar\/sitio\/wp-json\/wp\/v2\/types\/page"}],"author":[{"embeddable":true,"href":"https:\/\/isfd17-bue.infd.edu.ar\/sitio\/wp-json\/wp\/v2\/users\/613"}],"replies":[{"embeddable":true,"href":"https:\/\/isfd17-bue.infd.edu.ar\/sitio\/wp-json\/wp\/v2\/comments?post=4213"}],"version-history":[{"count":176,"href":"https:\/\/isfd17-bue.infd.edu.ar\/sitio\/wp-json\/wp\/v2\/pages\/4213\/revisions"}],"predecessor-version":[{"id":9929,"href":"https:\/\/isfd17-bue.infd.edu.ar\/sitio\/wp-json\/wp\/v2\/pages\/4213\/revisions\/9929"}],"wp:attachment":[{"href":"https:\/\/isfd17-bue.infd.edu.ar\/sitio\/wp-json\/wp\/v2\/media?parent=4213"}],"curies":[{"name":"wp","href":"https:\/\/api.w.org\/{rel}","templated":true}]}}