{"id":718,"date":"2018-08-29T19:05:32","date_gmt":"2018-08-29T22:05:32","guid":{"rendered":"https:\/\/isfd17-bue.infd.edu.ar\/sitio\/profesorado-de-matematica\/"},"modified":"2025-02-25T09:12:44","modified_gmt":"2025-02-25T12:12:44","slug":"profesoradodematematica","status":"publish","type":"page","link":"https:\/\/isfd17-bue.infd.edu.ar\/sitio\/profesoradodematematica\/","title":{"rendered":"Profesorado de Educaci\u00f3n Secundaria en MATEM\u00c1TICA"},"content":{"rendered":"<div class=\"wp-block-image\">\n<figure class=\"aligncenter\"><a href=\"https:\/\/isfd17-bue.infd.edu.ar\/sitio\/inscripciones-2021\/\" target=\"_blank\" rel=\"https:\/\/isfd17-bue.infd.edu.ar\/sitio\/inscripciones-2021\/ noopener\"><img decoding=\"async\" loading=\"lazy\" width=\"570\" height=\"71\" src=\"https:\/\/isfd17-bue.infd.edu.ar\/sitio\/wp-content\/uploads\/2021\/06\/Matematica-VIII.jpg\" alt=\"\" class=\"wp-image-4297\"\/><\/a><\/figure><\/div>\n\n<div class=\"wp-block-image\">\n<figure class=\"aligncenter is-resized\"><img decoding=\"async\" loading=\"lazy\" src=\"https:\/\/isfd17-bue.infd.edu.ar\/sitio\/wp-content\/uploads\/2021\/06\/Matem\u00e1tica-I.jpg\" alt=\"\" class=\"wp-image-4282\" width=\"704\" height=\"396\" srcset=\"https:\/\/isfd17-bue.infd.edu.ar\/sitio\/wp-content\/uploads\/2021\/06\/Matem\u00e1tica-I.jpg 780w, https:\/\/isfd17-bue.infd.edu.ar\/sitio\/wp-content\/uploads\/2021\/06\/Matem\u00e1tica-I-768x432.jpg 768w\" sizes=\"(max-width: 704px) 100vw, 704px\" \/><\/figure><\/div>\n\n<div class=\"wp-block-image\">\n<figure class=\"aligncenter is-resized\"><img decoding=\"async\" loading=\"lazy\" src=\"https:\/\/isfd17-bue.infd.edu.ar\/sitio\/wp-content\/uploads\/2021\/06\/Matem\u00e1tica-X.jpg\" alt=\"\" class=\"wp-image-4303\" width=\"710\" height=\"47\"\/><\/figure><\/div>\n\n\n<p class=\"has-text-align-center has-small-font-size\">Pr\u00e1cticas Docentes: se realizan a contraturno en Escuelas Secundarias de la Regi\u00f3n. <\/p>\n\n\n<div class=\"wp-block-image\">\n<figure class=\"aligncenter is-resized\"><img decoding=\"async\" loading=\"lazy\" src=\"https:\/\/isfd17-bue.infd.edu.ar\/sitio\/wp-content\/uploads\/2021\/06\/Matematica-IX.jpg\" alt=\"\" class=\"wp-image-4299\" width=\"714\" height=\"401\" srcset=\"https:\/\/isfd17-bue.infd.edu.ar\/sitio\/wp-content\/uploads\/2021\/06\/Matematica-IX.jpg 825w, https:\/\/isfd17-bue.infd.edu.ar\/sitio\/wp-content\/uploads\/2021\/06\/Matematica-IX-768x432.jpg 768w\" sizes=\"(max-width: 714px) 100vw, 714px\" \/><\/figure><\/div>\n\n<div class=\"wp-block-image\">\n<figure class=\"aligncenter\"><a href=\"https:\/\/docs.google.com\/document\/d\/1WQ32HsSDJdKMr2-BK3-CaeuuRA_q0EODhmYiwf1d7Ps\/edit\" target=\"_blank\" rel=\"https:\/\/docs.google.com\/document\/d\/1WQ32HsSDJdKMr2-BK3-CaeuuRA_q0EODhmYiwf1d7Ps\/edit noopener\"><img decoding=\"async\" loading=\"lazy\" width=\"570\" height=\"72\" src=\"https:\/\/isfd17-bue.infd.edu.ar\/sitio\/wp-content\/uploads\/2021\/06\/Matem\u00e1tica-VI.jpg\" alt=\"\" class=\"wp-image-4292\"\/><\/a><\/figure><\/div>\n\n<div class=\"wp-block-image\">\n<figure class=\"aligncenter\"><a href=\"https:\/\/drive.google.com\/file\/d\/1f1RG6cRwti-J3v5eJRIPKJPvLY9DllMZ\/view?usp=sharing\" target=\"_blank\" rel=\"https:\/\/drive.google.com\/file\/d\/1f1RG6cRwti-J3v5eJRIPKJPvLY9DllMZ\/view?usp=sharing noopener\"><img decoding=\"async\" loading=\"lazy\" width=\"570\" height=\"70\" src=\"https:\/\/isfd17-bue.infd.edu.ar\/sitio\/wp-content\/uploads\/2021\/06\/Matem\u00e1tica-IV.jpg\" alt=\"\" class=\"wp-image-4287\"\/><\/a><\/figure><\/div>\n\n\n<p class=\"has-text-align-center has-small-font-size\">&nbsp;&nbsp;El<strong>&nbsp;Dise\u00f1o Curricular <a rel=\"noreferrer noopener\" href=\"https:\/\/drive.google.com\/file\/d\/1f1RG6cRwti-J3v5eJRIPKJPvLY9DllMZ\/view?usp=sharing\" data-type=\"URL\" data-id=\"https:\/\/drive.google.com\/file\/d\/1f1RG6cRwti-J3v5eJRIPKJPvLY9DllMZ\/view?usp=sharing\" target=\"_blank\">(Res. 1861\/17)<\/a>&nbsp;<\/strong>organiza las condiciones de cursada, los contenidos valorados, los tiempos y formatos de cada una de las materias que forman parte del plan de carrera. Desde la dimensi\u00f3n curricular, la carrera posee un sistema de&nbsp;<strong>Correlatividades<strong>&nbsp;<\/strong><a rel=\"noreferrer noopener\" href=\"https:\/\/isfd17-bue.infd.edu.ar\/sitio\/wp-content\/uploads\/2023\/12\/IF-2023-45626264-GDEBA-SDIFDIDGCYE.pdf\" target=\"_blank\"><strong>Comunicaci\u00f3n 109\/23<\/strong><\/a><\/strong>.  Asimismo, se requiere considerar los aspectos del&nbsp;<strong>R\u00e9gimen Acad\u00e9mico Institucional (enmarcado en la&nbsp;<\/strong><a href=\"https:\/\/isfd17-bue.infd.edu.ar\/sitio\/wp-content\/uploads\/2024\/12\/Nuevo-Regimen-Academico-Marco-ISFD.pdf\" data-type=\"URL\" data-id=\"https:\/\/isfd17-bue.infd.edu.ar\/sitio\/wp-content\/uploads\/2024\/12\/Nuevo-Regimen-Academico-Marco-ISFD.pdf\" target=\"_blank\" rel=\"noreferrer noopener\">Res. 4196\/24<\/a> y <strong> Plan de Evaluaci\u00f3n Institucional.<\/strong><\/p>\n\n\n<div class=\"wp-block-image\">\n<figure class=\"aligncenter size-full is-resized\"><a href=\"https:\/\/docs.google.com\/spreadsheets\/d\/1YTycgzFwg2aK17yDZzFV4TLJRwPqCZMx5olXFWTF5pg\/edit?usp=drive_link\" target=\"_blank\" rel=\"noreferrer noopener\"><img decoding=\"async\" loading=\"lazy\" src=\"https:\/\/isfd17-bue.infd.edu.ar\/sitio\/wp-content\/uploads\/2025\/02\/image-51.png\" alt=\"\" class=\"wp-image-9147\" width=\"449\" height=\"77\"\/><\/a><\/figure><\/div>\n\n\n<iframe loading=\"lazy\" src=\"https:\/\/docs.google.com\/spreadsheets\/d\/e\/2PACX-1vQ9gBlC70N6TTYqRpSXYbb5YWEbipRY6okYVlJOiFGrySgThIdvcMqCALPAEvkh9uQKt5tqjtqssk_L\/pubhtml?start=false&amp;loop=false&amp;delayms=3000\" frameborder=\"0\" width=\"1200\" height=\"500\" allowfullscreen=\"true\" mozallowfullscreen=\"true\" webkitallowfullscreen=\"true\"><\/iframe>\n\n\n<div class=\"wp-block-image\">\n<figure class=\"aligncenter size-full is-resized\"><a href=\"https:\/\/docs.google.com\/spreadsheets\/d\/1qOYvt7mu6E2tfpIbeFx-Fs5bbCQOSAmQ8S5J0bTYHcM\/edit?usp=drive_link\" target=\"_blank\" rel=\"noreferrer noopener\"><img decoding=\"async\" loading=\"lazy\" src=\"https:\/\/isfd17-bue.infd.edu.ar\/sitio\/wp-content\/uploads\/2025\/02\/image-61.png\" alt=\"\" class=\"wp-image-9186\" width=\"446\" height=\"74\"\/><\/a><\/figure><\/div>\n\n\n<iframe loading=\"lazy\" src=\"https:\/\/docs.google.com\/spreadsheets\/d\/e\/2PACX-1vR4LGV5CLB0QdljwazBWLLzH3iOEUJp5yIiZmIx_mUon5V1P7RCPgNtMapX7CqQ5o0onI2K2SUgJ2my\/pubhtml?start=false&#038;loop=false&#038;delayms=35000\" frameborder=\"0\" width=\"1100\" height=\"800\" allowfullscreen=\"true\" mozallowfullscreen=\"true\" webkitallowfullscreen=\"true\"><\/iframe>\n\n\n<div class=\"wp-block-image\">\n<figure class=\"aligncenter size-full is-resized\"><a href=\"https:\/\/docs.google.com\/spreadsheets\/d\/1kCYhlolEYmkmABnVI5WSNYTiLCObqQSbGFDCEpjUsY0\/edit?usp=sharing\" target=\"_blank\" rel=\"noreferrer noopener\"><img decoding=\"async\" loading=\"lazy\" src=\"https:\/\/isfd17-bue.infd.edu.ar\/sitio\/wp-content\/uploads\/2025\/02\/image-63.png\" alt=\"\" class=\"wp-image-9206\" width=\"435\" height=\"71\"\/><\/a><\/figure><\/div>\n\n\n<iframe loading=\"lazy\" src=\"https:\/\/docs.google.com\/spreadsheets\/d\/e\/2PACX-1vRgGrNBI44NDIrLGmokMMwISyy1fpIUSIJVHYp07HEg7Gnlww065u2bk8aFavGOsg9EUEL2aE8wQmpq\/pubhtml?start=false&amp;loop=false&amp;delayms=35000\" frameborder=\"0\" width=\"1000\" height=\"700\" allowfullscreen=\"true\" mozallowfullscreen=\"true\" webkitallowfullscreen=\"true\"><\/iframe>\n\n\n\n<iframe loading=\"lazy\" src=\"https:\/\/docs.google.com\/presentation\/d\/e\/2PACX-1vQCALqiJzdRwfu-Cz6v8c2EHxQDN3bFG5Ut0Xuc3HaCo69of-keXOvcB7gTK9YgJg\/embed?start=false&#038;loop=false&#038;delayms=2500\" frameborder=\"0\" width=\"1000\" height=\"400\" allowfullscreen=\"true\" mozallowfullscreen=\"true\" webkitallowfullscreen=\"true\"><\/iframe>\n\n\n<div class=\"wp-block-image\">\n<figure class=\"aligncenter\"><a href=\"https:\/\/drive.google.com\/file\/d\/1zwAS4pAmsvOrGbW6-N2-jpK4LaKNRx_J\/view?usp=sharing\" target=\"_blank\" rel=\"https:\/\/drive.google.com\/file\/d\/1zwAS4pAmsvOrGbW6-N2-jpK4LaKNRx_J\/view?usp=sharing noopener\"><img decoding=\"async\" loading=\"lazy\" width=\"488\" height=\"70\" src=\"https:\/\/isfd17-bue.infd.edu.ar\/sitio\/wp-content\/uploads\/2018\/12\/P.png\" alt=\"\" class=\"wp-image-2813\"\/><\/a><figcaption class=\"wp-element-caption\">Hasta Estudiantes Cohorte 2017<\/figcaption><\/figure><\/div>","protected":false},"excerpt":{"rendered":"<p>Pr\u00e1cticas Docentes: se realizan a contraturno en Escuelas Secundarias de la Regi\u00f3n. &nbsp;&nbsp;El&nbsp;Dise\u00f1o Curricular (Res. 1861\/17)&nbsp;organiza las condiciones de cursada, los contenidos valorados, los tiempos y formatos de cada una de las materias que forman parte del plan de carrera. Desde la dimensi\u00f3n curricular, la carrera posee un sistema de&nbsp;Correlatividades&nbsp;Comunicaci\u00f3n 109\/23. Asimismo, se requiere considerar &#8230; <a title=\"Profesorado de Educaci\u00f3n Secundaria en MATEM\u00c1TICA\" class=\"read-more\" href=\"https:\/\/isfd17-bue.infd.edu.ar\/sitio\/profesoradodematematica\/\" aria-label=\"More on Profesorado de Educaci\u00f3n Secundaria en MATEM\u00c1TICA\">[+]<\/a><\/p>\n","protected":false},"author":598,"featured_media":0,"parent":0,"menu_order":0,"comment_status":"closed","ping_status":"closed","template":"","meta":[],"acf":[],"_links":{"self":[{"href":"https:\/\/isfd17-bue.infd.edu.ar\/sitio\/wp-json\/wp\/v2\/pages\/718"}],"collection":[{"href":"https:\/\/isfd17-bue.infd.edu.ar\/sitio\/wp-json\/wp\/v2\/pages"}],"about":[{"href":"https:\/\/isfd17-bue.infd.edu.ar\/sitio\/wp-json\/wp\/v2\/types\/page"}],"author":[{"embeddable":true,"href":"https:\/\/isfd17-bue.infd.edu.ar\/sitio\/wp-json\/wp\/v2\/users\/598"}],"replies":[{"embeddable":true,"href":"https:\/\/isfd17-bue.infd.edu.ar\/sitio\/wp-json\/wp\/v2\/comments?post=718"}],"version-history":[{"count":48,"href":"https:\/\/isfd17-bue.infd.edu.ar\/sitio\/wp-json\/wp\/v2\/pages\/718\/revisions"}],"predecessor-version":[{"id":9255,"href":"https:\/\/isfd17-bue.infd.edu.ar\/sitio\/wp-json\/wp\/v2\/pages\/718\/revisions\/9255"}],"wp:attachment":[{"href":"https:\/\/isfd17-bue.infd.edu.ar\/sitio\/wp-json\/wp\/v2\/media?parent=718"}],"curies":[{"name":"wp","href":"https:\/\/api.w.org\/{rel}","templated":true}]}}